ime factors of 13356?
2, 3, 7, 53
What are the prime factors of 3676752?
2, 3, 2837
What are the prime factors of 90450?
2, 3, 5, 67
List the prime factors of 213221.
79, 2699
What are the prime factors of 16703920?
2, 5, 208799
What are the prime factors of 1430911?
43, 107, 311
What are the prime factors of 135771?
3, 167, 271
What are the prime factors of 134286?
2, 3, 22381
List the prime factors of 961551.
3, 1319
What are the prime factors of 36749750?
2, 5, 17, 8647
List the prime factors of 311227.
7, 173, 257
What are the prime factors of 226521?
3, 25169
List the prime factors of 9878787.
3, 593, 617
List the prime factors of 384162.
2, 3, 43, 1489
List the prime factors of 40275.
3, 5, 179
What are the prime factors of 5071808?
2, 7, 11321
List the prime factors of 5855286.
2, 3, 163, 5987
What are the prime factors of 15437080?
2, 5, 385927
List the prime factors of 6715288.
2, 101, 8311
What are the prime factors of 449459?
449459
What are the prime factors of 1802113?
1802113
List the prime factors of 32720471.
7, 4674353
What are the prime factors of 314861?
179, 1759
List the prime factors of 45732.
2, 3, 37, 103
List the prime factors of 163890.
2, 3, 5, 607
List the prime factors of 17017945.
5, 7, 9923
What are the prime factors of 229072?
2, 103, 139
What are the prime factors of 236780?
2, 5, 11839
What are the prime factors of 79857?
3, 19, 467
What are the prime factors of 795632?
2, 49727
List the prime factors of 18870756.
2, 3, 53, 29671
What are the prime factors of 3294453?
3, 1098151
List the prime factors of 890844.
2, 3, 61, 1217
List the prime factors of 4219146.
2, 3, 41, 5717
List the prime factors of 1767575.
5, 17, 4159
What are the prime factors of 996554?
2, 13, 38329
What are the prime factors of 488776?
2, 107, 571
What are the prime factors of 921468?
2, 3, 17, 4517
List the prime factors of 317702.
2, 7, 11, 2063
What are the prime factors of 16334?
2, 8167
List the prime factors of 26802.
2, 3, 1489
List the prime factors of 2704027.
2704027
List the prime factors of 268259.
457, 587
List the prime factors of 12774419.
7, 1824917
What are the prime factors of 3442440?
2, 3, 5, 28687
List the prime factors of 12260400.
2, 3, 5, 17, 601
List the prime factors of 77862.
2, 3, 19, 683
List the prime factors of 19208535.
3, 5, 811, 1579
What are the prime factors of 4491724?
2, 587, 1913
List the prime factors of 544195.
5, 127, 857
What are the prime factors of 3029850?
2, 3, 5, 6733
List the prime factors of 429946.
2, 11, 19543
List the prime factors of 416764.
2, 31, 3361
List the prime factors of 1086976.
2, 11, 193
List the prime factors of 4238545.
5, 439, 1931
List the prime factors of 4405750.
2, 5, 17623
List the prime factors of 1306758.
2, 3, 217793
List the prime factors of 5509491.
3, 13, 141269
What are the prime factors of 164299?
164299
List the prime factors of 165291.
3, 7, 17, 463
List the prime factors of 2024223.
3, 674741
What are the prime factors of 357162?
2, 3, 13, 19, 241
What are the prime factors of 1508021?
41, 36781
What are the prime factors of 257581?
179, 1439
What are the prime factors of 259228?
2, 229, 283
What are the prime factors of 151949?
7, 443
List the prime factors of 282818.
2, 41, 3449
What are the prime factors of 273047?
273047
List the prime factors of 10959209.
10959209
List the prime factors of 52455.
3, 5, 13, 269
What are the prime factors of 104477?
191, 547
What are the prime factors of 661418?
2, 223, 1483
List the prime factors of 6447270.
2, 3, 5, 19, 11311
List the prime factors of 230394.
2, 3, 19, 43, 47
List the prime factors of 75330.
2, 3, 5, 31
List the prime factors of 2579893.
59, 73, 599
List the prime factors of 113196.
2, 3, 9433
List the prime factors of 8703220.
2, 5, 435161
What are the prime factors of 494282?
2, 247141
What are the prime factors of 84762?
2, 3, 17, 277
List the prime factors of 832947.
3, 101, 2749
List the prime factors of 585286.
2, 13, 22511
What are the prime factors of 76770?
2, 3, 5, 853
What are the prime factors of 4566778?
2, 17, 7901
What are the prime factors of 193986?
2, 3, 13, 829
List the prime factors of 547280.
2, 5, 6841
List the prime factors of 31347370.
2, 5, 41, 101, 757
List the prime factors of 8001342.
2, 3, 49391
List the prime factors of 644048.
2, 40253
What are the prime factors of 1089852?
2, 3, 90821
List the prime factors of 1449973.
7, 207139
List the prime factors of 391043.
383, 1021
List the prime factors of 8605349.
17, 37, 13681
What are the prime factors of 10933741?
7, 13, 53, 2267
List the prime factors of 15587686.
2, 7793843
What are the prime factors of 4133484?
2, 3, 38273
What are the prime factors of 729229?
367, 1987
What are the prime factors of 3578847?
3, 43, 27743
What are the prime factors of 5445502?
2, 2722751
List the prime factors of 12576101.
23, 67, 8161
What are the prime factors of 120797?
113, 1069
List the prime factors of 1876488.
2, 3, 41, 1907
What are the prime factors of 1307044?
2, 23, 14207
What are the prime factors of 8354011?
61, 136951
What are the prime factors of 1278573?
3, 563, 757
List the prime factors of 4572076.
2, 1143019
What are the prime factors of 5239941?
3, 7, 249521
What are the prime factors of 234955?
5, 7, 137
What are the prime factors of 588519?
3, 71, 307
List the prime factors of 26319484.
2, 19, 346309
List the prime factors of 5193616.
2, 31, 37, 283
What are the prime factors of 913597?
17, 61, 881
What are the prime factors of 5811162?
2, 3, 7, 83, 1667
List the prime factors of 5787112.
2, 43, 16823
What are the prime factors of 536439?
3, 178813
List the prime factors of 777101.
13, 23, 113
List the prime factors of 764940.
2, 3, 5, 11, 19, 61
What are the prime factors of 28138830?
2, 3, 5, 449, 2089
What are the prime factors of 567209?
567209
List the prime factors of 6313174.
2, 7, 43, 10487
List the prime factors of 1186865.
5, 237373
What are the prime factors of 17239274?
2, 13, 663049
List the prime factors of 2585471.
7, 369353
List the prime factors of 844981.
139, 6079
What are the prime factors of 1598672?
2, 41, 2437
List the prime factors of 1433640.
2, 3, 5, 13, 919
What are the prime factors of 211281?
3, 7, 10061
What are the prime factors of 2755891?
2755891
List the prime factors of 1037058.
2, 3, 11, 19, 827
List the prime factors of 2624667.
3, 874889
What are the prime factors of 451759?
7, 11, 5867
List the prime factors of 465287.
53, 8779
List the prime factors of 293020.
2, 5, 7, 13, 23
What are the prime factors of 960954?
2, 3, 160159
List the prime factors of 94636.
2, 59, 401
List the prime factors of 261687.
3, 19, 4591
What are the prime factors of 42994?
2, 7, 37, 83
List the prime factors of 650909.
7, 92987
List the prime factors of 1601922.
2, 3, 7, 43, 887
List the prime factors of 210244.
2, 52561
List the prime factors of 9519740.
2, 5, 401, 1187
List the prime factors of 1161790.
2, 5, 7, 2371
List the prime factors of 526686.
2, 3, 41, 2141
List the prime factors of 191966.
2, 53, 1811
List the prime factors of 640129.
7, 19, 4813
List the prime factors of 1988851.
1988851
List the prime factors of 246321.
3, 3041
What are the prime factors of 3393299?
7, 13, 761
What are the prime factors of 411805?
5, 82361
What are the prime factors of 2786555?
5, 17, 32783
What are the prime factors of 367672?
2, 45959
What are the prime factors of 20335?
5, 7, 83
What are the prime factors of 1116084?
2, 3, 17, 5471
What are the prime factors of 41488?
2, 2593
What are the prime factors of 7442064?
2, 3, 7, 23, 107
List the prime factors of 551572.
2, 7, 19699
List the prime factors of 286055.
5, 7, 11, 743
What are the prime factors of 5842785?
3, 5, 13, 19, 83
List the prime factors of 3360062.
2, 137, 12263
List the prime factors of 1232696.
2, 154087
List the prime factors of 252518.
2, 7, 17, 1061
List the prime factors of 6565320.
2, 3, 5, 6079
What are the prime factors of 1653560?
2, 5, 67, 617
List the prime factors of 278491.
278491
List the prime factors of 3140541.
3, 348949
What are the prime factors of 140416?
2, 1097
What are the prime factors of 4195447?
17, 19, 31, 419
What are the prime factors of 536865?
3, 5, 7, 5113
What are the prime factors of 105392?
2, 7,